f**3 + 4*f**2 + 26*f + 123. Calculate t(-6).
-321
Let h(i) = -2*i**2 - 7753*i + 376902. Determine h(48).
150
Let f(y) = -y**3 - 36*y**2 + 72*y + 125. Give f(-38).
277
Let d(h) = 22*h**3 + 1033*h**2 - 44*h + 184. Determine d(-47).
43
Let f(r) = r**2 + 3719*r + 96052. Give f(-26).
34
Let k(d) = 19*d**2 + 41. Give k(-9).
1580
Let n(z) = -2*z**2 + 2520*z + 30479. Determine n(-12).
-49
Let y(j) = 3*j**2 + 1771*j + 114686. Calculate y(-74).
60
Let d(j) = -106452*j - 12135533. What is d(-114)?
-5
Let i(s) = -1566*s + 158046. Determine i(101).
-120
Let d(i) = -2*i**3 + 2*i**2 + 2461*i - 19. Determine d(0).
-19
Let i(t) = -96*t**2 + 7402*t - 363. Determine i(77).
407
Let l(z) = z**3 - 9*z**2 - 91*z - 399. What is l(17)?
366
Let v(c) = 2637*c - 63398. Give v(24).
-110
Let i(s) = -57*s**2 - 515*s + 69. Give i(-10).
-481
Let d(v) = 4705*v**2 + 27622*v - 36. Give d(-6).
3612
Let x(f) = -f**3 + 67*f**2 + 1134*f - 104. Determine x(81).
-104
Let n(b) = 1146*b - 35738. Calculate n(31).
-212
Let o(j) = 5*j**3 + 946*j**2 + 8112*j + 9. Give o(-9).
-18
Let w(t) = 887*t - 175605. What is w(198)?
21
Let z(f) = -f**3 + 22*f**2 - 357*f + 4259. Determine z(19).
-1441
Let y(t) = t**3 + 19*t**2 - 57*t - 482. Determine y(-19).
601
Let u(t) = 29*t**2 - 14064*t + 13771. What is u(484)?
219
Let o(d) = d**3 + 114*d**2 - 2210*d + 2081. Calculate o(16).
1
Let i(d) = -d**3 - 165332*d**2 - 1487904*d + 32. Calculate i(-9).
5
Let s(c) = 18153*c - 653501. Determine s(36).
7
Let m(x) = 3*x**3 + 12*x**2 - 328*x - 1978. What is m(-6)?
-226
Let t(q) = 9*q**2 - 112*q - 1995. Determine t(-17).
2510
Let k(l) = l**2 - 37220*l + 260607. Determine k(7).
116
Let x(k) = 269*k - 1342. Determine x(4).
-266
Let r(s) = -4*s**3 - 87*s**2 - 88*s - 514. Give r(-21).
11
Let r(g) = 3*g**3 - 8*g**2 + 246*g - 906. Give r(5).
499
Let m(o) = -5*o**2 - 49*o - 147. Give m(-5).
-27
Let d(h) = -3*h**3 + 47*h**2 + 242*h + 314. What is d(20)?
-46
Let b(s) = 23496*s + 352739. Give b(-15).
299
Let t(b) = -1900*b**3 + 8*b**2 - 85*b - 91. Calculate t(-1).
1902
Let w(c) = -597*c + 4833. Calculate w(8).
57
Let d(o) = -o**3 - 174*o**2 - 584*o - 12116. Determine d(-171).
25
Let z(g) = 2*g**3 - 15*g**2 - 46*g - 594. Determine z(-9).
-2853
Let g(f) = 2*f**3 + 82*f**2 - 63*f - 2604. What is g(-41)?
-21
Let z(u) = 2191*u - 10817. Determine z(5).
138
Let u(n) = 6838*n + 9627905. Give u(-1408).
1
Let n(f) = 84*f**3 - 421*f**2 - 4*f + 26. Give n(5).
-19
Let b(c) = 16384*c - 770053. Give b(47).
-5
Let l(v) = -22*v**2 + 1070*v - 6896. Calculate l(41).
-8
Let l(v) = 12*v**2 + 888*v - 10922. Give l(12).
1462
Let s(c) = 38*c**3 + 5*c**2 + 23*c - 53. Calculate s(2).
317
Let x(n) = 22*n**2 - 1411*n + 1412. Determine x(1).
23
Let w(c) = -2*c**2 - 294*c + 7991. Determine w(26).
-1005
Let v(n) = -13*n**3 - 1455*n**2 + 116*n + 452. Give v(-112).
4
Let a(k) = -23621*k - 118112. Calculate a(-5).
-7
Let x(c) = -253*c - 6568. Calculate x(-26).
10
Let q(w) = w**2 + 53*w - 286. Calculate q(-24).
-982
Let t(f) = -2*f**2 - 168*f - 4404. Give t(-55).
-1214
Let p(g) = 147*g**3 - 304*g**2 + 93*g - 177. What is p(2)?
-31
Let d(l) = -2*l**3 + 483*l**2 - 1192*l - 1000. Give d(239).
-283
Let w(y) = -9*y**2 - 4099*y - 12169. Give w(-3).
47
Let y(x) = -x**2 - 23253*x - 371756. Calculate y(-16).
36
Let l(t) = -t**3 - 45*t**2 - 12*t + 124. Give l(-45).
664
Let r(o) = -7353*o**2 + 14704*o + 1. Calculate r(2).
-3
Let h(q) = -12*q**2 - 2825*q + 1658. Give h(-236).
6
Let k(l) = 2494*l + 32481. Give k(-13).
59
Let f(c) = 228*c - 74776. What is f(328)?
8
Let h(b) = -26*b**2 + 2570*b + 35100. Give h(111).
24
Let i(s) = -6*s**2 + 74*s + 4195. Determine i(-21).
-5
Let y(s) = s**3 + 216*s**2 - 4225*s + 86. What is y(18)?
-148
Let f(t) = -t**3 + 131*t**2 - 552*t - 411. Give f(5).
-21
Let b(n) = 13*n**2 - 270*n + 72. Calculate b(20).
-128
Let z(f) = -2*f**2 - 11196*f + 89723. Calculate z(8).
27
Let m(n) = -56161*n + 168485. What is m(3)?
2
Let u(w) = 2*w**2 + 220*w - 567. Calculate u(-111).
-345
Let n(j) = -45*j**2 + 3755*j - 5328. Calculate n(82).
2
Let o(c) = 710852*c + 22036404. Give o(-31).
-8
Let x(u) = 10*u**2 - 415*u - 47168. Give x(-51).
7
Let b(f) = 2*f**2 - 629*f + 26019. Give b(49).
0
Let d(l) = 1205*l**3 + 42*l + 46. Calculate d(-1).
-1201
Let g(u) = 11*u**3 + 5504*u**2 - 5504*u - 1. Give g(1).
10
Let i(g) = 1591*g**2 + 134*g - 135. Calculate i(1).
1590
Let j(h) = -h**3 - 273*h**2 + 636*h + 24121. Calculate j(-275).
471
Let x(k) = -3*k**3 - 86*k**2 + 298*k + 7612. Give x(-29).
-189
Let i(f) = 2823*f - 335940. Give i(119).
-3
Let j(k) = -5497*k + 87935. What is j(16)?
-17
Let b(t) = 882670*t - 4413344. Calculate b(5).
6
Let l(g) = 47*g**3 + 5*g**2 - 29*g - 46. Determine l(-2).
-344
Let g(z) = -z**3 - 17*z**2 - 65*z - 160. What is g(-5)?
-135
Let j(k) = -k**3 + 88*k**2 + 77*k + 1146. Determine j(89).
78
Let m(d) = 23*d**2 + 106*d - 84. Give m(-8).
540
Let n(z) = 5*z + 1306. Determine n(24).
1426
Let t(a) = -a**3 - 177*a**2 + 171*a - 3493. Calculate t(-178).
-2247
Let u(j) = -j**2 + 4502*j - 116491. What is u(26)?
-115
Let n(p) = -10898*p**2 - 6756759*p + 609. Give n(-620).
-11
Let a(y) = -374*y**2 + 16455*y - 20. What is a(44)?
-64
Let o(z) = -2*z**2 - 855*z - 39190. What is o(-52)?
-138
Let o(r) = 12*r**3 + 739*r**2 - 423*r - 7014. Determine o(-62).
-8
Let r(d) = 18030*d + 631055. Determine r(-35).
5
Let b(a) = 21023*a - 126568. What is b(6)?
-430
Let a(g) = -15570*g**2 - 233547*g + 68. Give a(-15).
23
Let k(z) = -37*z + 4087. What is k(93)?
646
Let h(l) = -25*l**2 + 9*l + 446. What is h(0)?
446
Let s(w) = -480*w - 2714. What is s(-6)?
166
Let b(x) = x**3 - 37*x**2 + 54*x + 803. Give b(35).
243
Let q(a) = -a**3 + 49*a**2 - 301*a + 3. Determine q(7).
-46
Let j(f) = 3*f**2 - 904*f - 13229. What is j(316)?
675
Let o(v) = -11*v**3 - 372*v**2 + 73*v + 182. Calculate o(-34).
12
Let t(f) = 39*f**2 + 846*f + 4517. What is t(-9)?
62
Let v(c) = -1326*c - 4249. What is v(-3)?
-271
Let k(w) = -3*w**3 + 763*w**2 + 462*w + 12257. Determine k(255).
17
Let s(u) = -29552*u - 177303. Calculate s(-6).
9
Let o(b) = -169*b**2 + 395*b - 2. What is o(2)?
112
Let a(j) = j**2 + 1444*j - 1297. Calculate a(0).
-1297
Let j(r) = 37*r**3 - 102*r**2 - 5*r + 8. What is j(3)?
74
Let n(m) = -13*m**2 + 7184*m + 43060. Determine n(-6).
-512
Let f(s) = 4*s**3 - 7*s**2 + 108*s - 885. Calculate f(5).
-20
Let m(a) = 7558*a - 763406. Give m(101).
-48
Let x(p) = -13532*p**2 + 54282*p - 6. Calculate x(4).
610
Let q(v) = 187*v**2 - 27300*v - 279. Calculate q(146).
13
Let q(x) = 45*x**3 + 7*x**2 - 40*x + 91. Give q(2).
399
Let l(t) = 3*t**3 - 77*t**2 + 283*t + 92. Determine l(21).
-139
Let a(p) = -168*p + 11066. Give a(76).
-1702
Let v(j) = j**2 + 857*j + 5977. What is v(-7)?
27
Let s(w) = 3*w**3 - 107*w**2 - 481*w + 16023. Calculate s(36).
3
Let d(x) = x**3 + 49*x**2 - 131*x + 2150. What is d(-52)?
850
Let z(p) = -189*p + 80. Calculate z(-2).
458
Let x(u) = 159*u**2 - 999*u - 777. Calculate x(7).
21
Let d(i) = i**2 + 1680*i - 23755. Give d(14).
-39
Let a(k) = -26*k**2 - 82*k + 756. Give a(5).
-304
Let n(v) = -v**3 + 69*v**2 + 139*v + 276. Calculate n(71).
63
Let q(j) = -j**3 + 1316*j**2 + 6678*j - 96439. Calculate q(1321).
-6
Let o(g) = -7*g**2 + 1633*g - 807. What is o(233)?
-341
Let g(o) = 6*o**2 - 38646*o + 1000732. Give g(26).
-8
Let h(o) = 866*o - 17240. Give h(19).
-786
Let p(r) = 9*r**2 - 693*r + 5492. Give p(68).
-16
Let k(g) = 2406*g + 1446012. What is k(-601)?
6
Let z(x) = -x**2 + 943*x - 42919. Calculate z(48).
41
Let n(y) = y**3 + 18*y**2 + 8*y - 76. Calculate n(-16).
308
Let t(d) = -1127*d + 1124. Calculate t(1).
-3
Let x(f) = f**3 + 15*f**2 - 184*f - 1329. Give x(-6).
99
Let k(q) = q**2 + 74*q + 1189. Give k(-37).
-180
Let i(x) = -16413*x + 180526. Give i(11).
-17
Let s(k) = 4342*k + 60784. Calculate s(-14).
-4
Let l(q) = 4*q**2 - 57550*q + 1608262. Give l(28).
-2
Let s(h) = -4*h**2 - 207*h - 2399. Calculate s(-38).
-309
Let d(g) = -2*g**3 + 238*g**2 + 2084*g - 6576. Calculate d(127).
28
Let t(n) = -7*n**3 + 59*n - 126. Calculate t(6).
-1284
Let m(h) = -h**3 + 313*h**2 - 929*h - 286. Give m(310).
24
Let u(p) = p**3 + 4*p**2 - 47*p - 182. Determine u(-6).
28
Let g(w) = w**3 - 29*w**2 + 92*w + 1348. What is g(23)?
290
Let d(o) = o**3 - 300*o**2 + 295*o + 1197. What is d(299)?
1
Let m(